{"id":2389,"date":"2026-04-06T16:30:12","date_gmt":"2026-04-06T16:30:12","guid":{"rendered":"http:\/\/localhost\/floribis-corporate\/?page_id=2389"},"modified":"2026-04-17T06:46:19","modified_gmt":"2026-04-17T06:46:19","slug":"news","status":"publish","type":"page","link":"https:\/\/surx.ovh\/index.php\/en\/news\/","title":{"rendered":"News"},"content":{"rendered":"\t\t<div data-elementor-type=\"wp-page\" data-elementor-id=\"2389\" class=\"elementor elementor-2389\">\n\t\t\t\t<div class=\"elementor-element elementor-element-c6f5e06 e-con-full e-flex wpr-sticky-section-no e-con e-parent\" data-id=\"c6f5e06\" data-element_type=\"container\" data-e-type=\"container\" data-settings=\"{&quot;background_background&quot;:&quot;classic&quot;}\">\n\t\t\t\t<div class=\"elementor-element elementor-element-e258abb elementor-widget elementor-widget-heading\" data-id=\"e258abb\" data-element_type=\"widget\" data-e-type=\"widget\" data-widget_type=\"heading.default\">\n\t\t\t\t\t<h2 class=\"elementor-heading-title elementor-size-default\">Our news<\/h2>\t\t\t\t<\/div>\n\t\t\t\t<\/div>\n\t\t<div class=\"elementor-element elementor-element-a418ae8 e-flex e-con-boxed wpr-sticky-section-no e-con e-parent\" data-id=\"a418ae8\" data-element_type=\"container\" data-e-type=\"container\">\n\t\t\t\t\t<div class=\"e-con-inner\">\n\t\t<div class=\"elementor-element elementor-element-9676631 e-con-full e-flex wpr-sticky-section-no e-con e-child\" data-id=\"9676631\" data-element_type=\"container\" data-e-type=\"container\">\n\t\t<div class=\"elementor-element elementor-element-90a7b24 e-con-full e-flex wpr-sticky-section-no e-con e-child\" data-id=\"90a7b24\" data-element_type=\"container\" data-e-type=\"container\" data-settings=\"{&quot;background_background&quot;:&quot;classic&quot;}\">\n\t\t\t\t<div class=\"elementor-element elementor-element-e9368f0 elementor-widget elementor-widget-heading\" data-id=\"e9368f0\" data-element_type=\"widget\" data-e-type=\"widget\" data-widget_type=\"heading.default\">\n\t\t\t\t\t<h3 class=\"elementor-heading-title elementor-size-default\">Vanille <br>Bourbon<\/h3>\t\t\t\t<\/div>\n\t\t\t\t<div class=\"elementor-element elementor-element-712da79 elementor-widget elementor-widget-text-editor\" data-id=\"712da79\" data-element_type=\"widget\" data-e-type=\"widget\" data-widget_type=\"text-editor.default\">\n\t\t\t\t\t\t\t\t\t<p><span style=\"font-weight: 400;\">Une cha\u00eene de valeur souveraine, des gousses d&rsquo;exception aux extraits concentr\u00e9s.<\/span><\/p>\t\t\t\t\t\t\t\t<\/div>\n\t\t\t\t<\/div>\n\t\t<div class=\"elementor-element elementor-element-1304cc9 e-con-full e-flex wpr-sticky-section-no e-con e-child\" data-id=\"1304cc9\" data-element_type=\"container\" data-e-type=\"container\" data-settings=\"{&quot;background_background&quot;:&quot;classic&quot;}\">\n\t\t\t\t<div class=\"elementor-element elementor-element-6998344 elementor-widget elementor-widget-heading\" data-id=\"6998344\" data-element_type=\"widget\" data-e-type=\"widget\" data-widget_type=\"heading.default\">\n\t\t\t\t\t<h3 class=\"elementor-heading-title elementor-size-default\">Vanille <br>Bourbon<\/h3>\t\t\t\t<\/div>\n\t\t\t\t<div class=\"elementor-element elementor-element-3f8ad7a elementor-widget elementor-widget-text-editor\" data-id=\"3f8ad7a\" data-element_type=\"widget\" data-e-type=\"widget\" data-widget_type=\"text-editor.default\">\n\t\t\t\t\t\t\t\t\t<p><span style=\"font-weight: 400;\">Une cha\u00eene de valeur souveraine, des gousses d&rsquo;exception aux extraits concentr\u00e9s.<\/span><\/p>\t\t\t\t\t\t\t\t<\/div>\n\t\t\t\t<\/div>\n\t\t<div class=\"elementor-element elementor-element-29fc85c e-con-full e-flex wpr-sticky-section-no e-con e-child\" data-id=\"29fc85c\" data-element_type=\"container\" data-e-type=\"container\" data-settings=\"{&quot;background_background&quot;:&quot;classic&quot;}\">\n\t\t\t\t<div class=\"elementor-element elementor-element-8b78e51 elementor-widget elementor-widget-heading\" data-id=\"8b78e51\" data-element_type=\"widget\" data-e-type=\"widget\" data-widget_type=\"heading.default\">\n\t\t\t\t\t<h3 class=\"elementor-heading-title elementor-size-default\">Vanille <br>Bourbon<\/h3>\t\t\t\t<\/div>\n\t\t\t\t<div class=\"elementor-element elementor-element-b96abfd elementor-widget elementor-widget-text-editor\" data-id=\"b96abfd\" data-element_type=\"widget\" data-e-type=\"widget\" data-widget_type=\"text-editor.default\">\n\t\t\t\t\t\t\t\t\t<p><span style=\"font-weight: 400;\">Une cha\u00eene de valeur souveraine, des gousses d&rsquo;exception aux extraits concentr\u00e9s.<\/span><\/p>\t\t\t\t\t\t\t\t<\/div>\n\t\t\t\t<\/div>\n\t\t\t\t<\/div>\n\t\t<div class=\"elementor-element elementor-element-8310cc3 e-con-full e-flex wpr-sticky-section-no e-con e-child\" data-id=\"8310cc3\" data-element_type=\"container\" data-e-type=\"container\">\n\t\t<div class=\"elementor-element elementor-element-362c5d9 e-con-full e-flex wpr-sticky-section-no e-con e-child\" data-id=\"362c5d9\" data-element_type=\"container\" data-e-type=\"container\" data-settings=\"{&quot;background_background&quot;:&quot;classic&quot;}\">\n\t\t\t\t<div class=\"elementor-element elementor-element-44bb1ea elementor-widget elementor-widget-heading\" data-id=\"44bb1ea\" data-element_type=\"widget\" data-e-type=\"widget\" data-widget_type=\"heading.default\">\n\t\t\t\t\t<h3 class=\"elementor-heading-title elementor-size-default\">Vanille <br>Bourbon<\/h3>\t\t\t\t<\/div>\n\t\t\t\t<div class=\"elementor-element elementor-element-be49d5f elementor-widget elementor-widget-text-editor\" data-id=\"be49d5f\" data-element_type=\"widget\" data-e-type=\"widget\" data-widget_type=\"text-editor.default\">\n\t\t\t\t\t\t\t\t\t<p><span style=\"font-weight: 400;\">Une cha\u00eene de valeur souveraine, des gousses d&rsquo;exception aux extraits concentr\u00e9s.<\/span><\/p>\t\t\t\t\t\t\t\t<\/div>\n\t\t\t\t<\/div>\n\t\t<div class=\"elementor-element elementor-element-d382dbb e-con-full e-flex wpr-sticky-section-no e-con e-child\" data-id=\"d382dbb\" data-element_type=\"container\" data-e-type=\"container\" data-settings=\"{&quot;background_background&quot;:&quot;classic&quot;}\">\n\t\t\t\t<div class=\"elementor-element elementor-element-fc9227c elementor-widget elementor-widget-heading\" data-id=\"fc9227c\" data-element_type=\"widget\" data-e-type=\"widget\" data-widget_type=\"heading.default\">\n\t\t\t\t\t<h3 class=\"elementor-heading-title elementor-size-default\">Vanille <br>Bourbon<\/h3>\t\t\t\t<\/div>\n\t\t\t\t<div class=\"elementor-element elementor-element-9b87bed elementor-widget elementor-widget-text-editor\" data-id=\"9b87bed\" data-element_type=\"widget\" data-e-type=\"widget\" data-widget_type=\"text-editor.default\">\n\t\t\t\t\t\t\t\t\t<p><span style=\"font-weight: 400;\">Une cha\u00eene de valeur souveraine, des gousses d&rsquo;exception aux extraits concentr\u00e9s.<\/span><\/p>\t\t\t\t\t\t\t\t<\/div>\n\t\t\t\t<\/div>\n\t\t<div class=\"elementor-element elementor-element-e3a8b0a e-con-full e-flex wpr-sticky-section-no e-con e-child\" data-id=\"e3a8b0a\" data-element_type=\"container\" data-e-type=\"container\" data-settings=\"{&quot;background_background&quot;:&quot;classic&quot;}\">\n\t\t\t\t<div class=\"elementor-element elementor-element-bef1376 elementor-widget elementor-widget-heading\" data-id=\"bef1376\" data-element_type=\"widget\" data-e-type=\"widget\" data-widget_type=\"heading.default\">\n\t\t\t\t\t<h3 class=\"elementor-heading-title elementor-size-default\">Vanille <br>Bourbon<\/h3>\t\t\t\t<\/div>\n\t\t\t\t<div class=\"elementor-element elementor-element-462af59 elementor-widget elementor-widget-text-editor\" data-id=\"462af59\" data-element_type=\"widget\" data-e-type=\"widget\" data-widget_type=\"text-editor.default\">\n\t\t\t\t\t\t\t\t\t<p><span style=\"font-weight: 400;\">Une cha\u00eene de valeur souveraine, des gousses d&rsquo;exception aux extraits concentr\u00e9s.<\/span><\/p>\t\t\t\t\t\t\t\t<\/div>\n\t\t\t\t<\/div>\n\t\t<div class=\"elementor-element elementor-element-61168ac e-con-full e-flex wpr-sticky-section-no e-con e-child\" data-id=\"61168ac\" data-element_type=\"container\" data-e-type=\"container\" data-settings=\"{&quot;background_background&quot;:&quot;classic&quot;}\">\n\t\t\t\t<div class=\"elementor-element elementor-element-aa9db24 elementor-widget elementor-widget-heading\" data-id=\"aa9db24\" data-element_type=\"widget\" data-e-type=\"widget\" data-widget_type=\"heading.default\">\n\t\t\t\t\t<h3 class=\"elementor-heading-title elementor-size-default\">Vanille <br>Bourbon<\/h3>\t\t\t\t<\/div>\n\t\t\t\t<div class=\"elementor-element elementor-element-dea2b2b elementor-widget elementor-widget-text-editor\" data-id=\"dea2b2b\" data-element_type=\"widget\" data-e-type=\"widget\" data-widget_type=\"text-editor.default\">\n\t\t\t\t\t\t\t\t\t<p><span style=\"font-weight: 400;\">Une cha\u00eene de valeur souveraine, des gousses d&rsquo;exception aux extraits concentr\u00e9s.<\/span><\/p>\t\t\t\t\t\t\t\t<\/div>\n\t\t\t\t<\/div>\n\t\t\t\t<\/div>\n\t\t\t\t\t<\/div>\n\t\t\t\t<\/div>\n\t\t<div class=\"elementor-element elementor-element-682a453 e-flex e-con-boxed wpr-sticky-section-no e-con e-parent\" data-id=\"682a453\" data-element_type=\"container\" data-e-type=\"container\">\n\t\t\t\t\t<div class=\"e-con-inner\">\n\t\t\t\t<div class=\"elementor-element elementor-element-34fcd8a elementor-widget elementor-widget-heading\" data-id=\"34fcd8a\" data-element_type=\"widget\" data-e-type=\"widget\" data-widget_type=\"heading.default\">\n\t\t\t\t\t<h2 class=\"elementor-heading-title elementor-size-default\">Ready to co-develop your next active ingredient? <\/h2>\t\t\t\t<\/div>\n\t\t<div class=\"elementor-element elementor-element-a519f54 e-con-full e-flex wpr-sticky-section-no e-con e-child\" data-id=\"a519f54\" data-element_type=\"container\" data-e-type=\"container\" data-settings=\"{&quot;background_background&quot;:&quot;classic&quot;}\">\n\t\t\t\t<div class=\"elementor-element elementor-element-7bc2490 elementor-widget elementor-widget-shortcode\" data-id=\"7bc2490\" data-element_type=\"widget\" data-e-type=\"widget\" data-widget_type=\"shortcode.default\">\n\t\t\t\t\t\t\t<div class=\"elementor-shortcode\"><div class=\"forminator-ui forminator-custom-form forminator-custom-form-893 forminator-design--basic  forminator_ajax\" data-forminator-render=\"0\" data-form=\"forminator-module-893\" data-uid=\"69e4beda1b9e9\"><br\/><\/div><form\n\t\t\t\tid=\"forminator-module-893\"\n\t\t\t\tclass=\"forminator-ui forminator-custom-form forminator-custom-form-893 forminator-design--basic  forminator_ajax\"\n\t\t\t\tmethod=\"post\"\n\t\t\t\tdata-forminator-render=\"0\"\n\t\t\t\tdata-form-id=\"893\"\n\t\t\t\t data-color-option=\"default\" data-design=\"basic\" data-grid=\"open\" style=\"display: none;\"\n\t\t\t\tdata-uid=\"69e4beda1b9e9\"\n\t\t\t><div role=\"alert\" aria-live=\"polite\" class=\"forminator-response-message forminator-error\" aria-hidden=\"true\"><\/div><div class=\"forminator-row\"><div id=\"name-1\" class=\"forminator-field-name forminator-col forminator-col-12 \"><div class=\"forminator-field\"><label for=\"forminator-field-name-1_69e4beda1b9e9\" id=\"forminator-field-name-1_69e4beda1b9e9-label\" class=\"forminator-label\">Pr\u00e9nom <span class=\"forminator-required\">*<\/span><\/label><input type=\"text\" name=\"name-1\" value=\"\" placeholder=\"\" id=\"forminator-field-name-1_69e4beda1b9e9\" class=\"forminator-input forminator-name--field\" aria-required=\"true\" autocomplete=\"name\" \/><\/div><\/div><\/div><div class=\"forminator-row\"><div id=\"email-1\" class=\"forminator-field-email forminator-col forminator-col-12 \"><div class=\"forminator-field\"><label for=\"forminator-field-email-1_69e4beda1b9e9\" id=\"forminator-field-email-1_69e4beda1b9e9-label\" class=\"forminator-label\">Adresse de messagerie <span class=\"forminator-required\">*<\/span><\/label><input type=\"email\" name=\"email-1\" value=\"\" placeholder=\"\" id=\"forminator-field-email-1_69e4beda1b9e9\" class=\"forminator-input forminator-email--field\" data-required=\"true\" aria-required=\"true\" autocomplete=\"email\" \/><\/div><\/div><\/div><div class=\"forminator-row\"><div id=\"phone-1\" class=\"forminator-field-phone forminator-col forminator-col-12 \"><div class=\"forminator-field\"><label for=\"forminator-field-phone-1_69e4beda1b9e9\" id=\"forminator-field-phone-1_69e4beda1b9e9-label\" class=\"forminator-label\">Num\u00e9ro de t\u00e9l\u00e9phone<\/label><input type=\"text\" name=\"phone-1\" value=\"\" placeholder=\"\" id=\"forminator-field-phone-1_69e4beda1b9e9\" class=\"forminator-input forminator-field--phone\" data-required=\"\" aria-required=\"false\" autocomplete=\"off\" \/><\/div><\/div><\/div><div class=\"forminator-row\"><div id=\"textarea-1\" class=\"forminator-field-textarea forminator-col forminator-col-12 \"><div class=\"forminator-field\"><label for=\"forminator-field-textarea-1_69e4beda1b9e9\" id=\"forminator-field-textarea-1_69e4beda1b9e9-label\" class=\"forminator-label\">Message<\/label><span id=\"forminator-field-textarea-1_69e4beda1b9e9-description\" class=\"forminator-description\"><span data-limit=\"180\" data-type=\"characters\" data-editor=\"\">0 \/ 180<\/span><\/span><textarea name=\"textarea-1\" placeholder=\"\" id=\"forminator-field-textarea-1_69e4beda1b9e9\" class=\"forminator-textarea\" rows=\"6\" style=\"min-height:140px;\" maxlength=\"180\" ><\/textarea><\/div><\/div><\/div><input type=\"hidden\" name=\"referer_url\" value=\"\" \/><div class=\"forminator-row forminator-row-last\"><div class=\"forminator-col\"><div class=\"forminator-field\"><button class=\"forminator-button forminator-button-submit\">Envoyer<\/button><\/div><\/div><\/div><input type=\"hidden\" id=\"forminator_nonce\" name=\"forminator_nonce\" value=\"e0038669f8\" \/><input type=\"hidden\" name=\"_wp_http_referer\" value=\"\/index.php\/wp-json\/wp\/v2\/pages\/2389\" \/><input type=\"hidden\" name=\"form_id\" value=\"893\"><input type=\"hidden\" name=\"page_id\" value=\"2389\"><input type=\"hidden\" name=\"form_type\" value=\"default\"><input type=\"hidden\" name=\"current_url\" value=\"https:\/\/surx.ovh\/index.php\/en\/news\/\"><input type=\"hidden\" name=\"render_id\" value=\"0\"><input type=\"hidden\" name=\"action\" value=\"forminator_submit_form_custom-forms\"><\/form><\/div>\n\t\t\t\t\t\t<\/div>\n\t\t\t\t<\/div>\n\t\t\t\t\t<\/div>\n\t\t\t\t<\/div>\n\t\t\t\t<\/div>\n\t\t","protected":false},"excerpt":{"rendered":"<p>Our news Vanille Bourbon Une cha\u00eene de valeur souveraine, des gousses d&rsquo;exception aux extraits concentr\u00e9s. Vanille Bourbon Une cha\u00eene de valeur souveraine, des gousses d&rsquo;exception aux extraits concentr\u00e9s. Vanille Bourbon Une cha\u00eene de valeur souveraine, des gousses d&rsquo;exception aux extraits concentr\u00e9s. Vanille Bourbon Une cha\u00eene de valeur souveraine, des gousses d&rsquo;exception aux extraits concentr\u00e9s. Vanille Bourbon Une cha\u00eene de valeur souveraine, des gousses d&rsquo;exception aux extraits concentr\u00e9s. Vanille Bourbon Une cha\u00eene de valeur souveraine, des gousses d&rsquo;exception aux extraits concentr\u00e9s. Vanille Bourbon Une cha\u00eene de valeur souveraine, des gousses d&rsquo;exception aux extraits concentr\u00e9s. Ready to co-develop your next active ingredient?<\/p>\n","protected":false},"author":1,"featured_media":0,"parent":0,"menu_order":0,"comment_status":"closed","ping_status":"closed","template":"","meta":{"footnotes":""},"class_list":["post-2389","page","type-page","status-publish","hentry"],"_links":{"self":[{"href":"https:\/\/surx.ovh\/index.php\/wp-json\/wp\/v2\/pages\/2389","targetHints":{"allow":["GET"]}}],"collection":[{"href":"https:\/\/surx.ovh\/index.php\/wp-json\/wp\/v2\/pages"}],"about":[{"href":"https:\/\/surx.ovh\/index.php\/wp-json\/wp\/v2\/types\/page"}],"author":[{"embeddable":true,"href":"https:\/\/surx.ovh\/index.php\/wp-json\/wp\/v2\/users\/1"}],"replies":[{"embeddable":true,"href":"https:\/\/surx.ovh\/index.php\/wp-json\/wp\/v2\/comments?post=2389"}],"version-history":[{"count":10,"href":"https:\/\/surx.ovh\/index.php\/wp-json\/wp\/v2\/pages\/2389\/revisions"}],"predecessor-version":[{"id":3710,"href":"https:\/\/surx.ovh\/index.php\/wp-json\/wp\/v2\/pages\/2389\/revisions\/3710"}],"wp:attachment":[{"href":"https:\/\/surx.ovh\/index.php\/wp-json\/wp\/v2\/media?parent=2389"}],"curies":[{"name":"wp","href":"https:\/\/api.w.org\/{rel}","templated":true}]}}